 -s**3 - 2*s**2 - 2*s - 1. Let a be p(-2). Let b(i) = 0 + 0 + i**2 - a*i + 2. Determine b(n).
6
Let j(p) = 2*p + 5. Let r(s) = s + 1. Let b(c) = -j(c) + 3*r(c). Calculate b(8).
6
Let q(l) be the second derivative of l**4/12 - l**3/2 - 2*l**2 + 2*l. Calculate q(4).
0
Let o(z) = -7*z**2 + z + 3. Let s(p) = -8*p**2 + p + 3. Let k(l) = 7*o(l) - 6*s(l). Determine k(-3).
-9
Let o(x) = x**2 + 6*x - 8. Suppose -7*y - 26 = 16. Give o(y).
-8
Let u(r) = -r**3 - 7*r**2 - 6*r + 4. Suppose -5*c - 43 = -13. Give u(c).
4
Suppose w = 3*u - 31, 4*u = 3*u + w + 11. Let i be (-1)/2*(-4 + u). Let y(c) = -c**3 - 2*c**2 + 3*c - 3. Give y(i).
-3
Let s(i) = -7 + 45*i**3 + i**2 - i + 4*i**2 + 0*i - 44*i**3. Suppose -z - 4*x = z + 10, x = 0. What is s(z)?
-2
Let d(j) = -j + 7. Let k = 54 + -49. Give d(k).
2
Let i(g) = -g**2 + 5*g - 5. Let h be 2/7 + 36/21. Let l(q) = -8*q - q**h - q + 3*q - 4. Let c be l(-4). Give i(c).
-1
Let u(k) = -2*k. Let q be u(1). Let o(m) = -2*m + 1. Give o(q).
5
Let o(h) be the third derivative of -h**4/24 - 5*h**3/6 + h**2. Suppose -2*i = -5*k - 30, k - 3*i = 3*k - 7. What is o(k)?
-1
Let z(c) = -2*c**2 + 3*c + 9. Suppose 2*w + 22 = -4*i - 3*w, -4*i = 2*w + 16. Let q(h) = h**2 - 2*h - 4. Let r(y) = i*z(y) - 5*q(y). Calculate r(0).
-7
Let x(k) = -k + 1 - k + 0*k**2 - 2*k**2 - 2*k**3. Let a be ((-118)/295)/(1/5). Give x(a).
13
Let g be 0 - (6 - (-5 + 5)). Let m(z) = -4*z - 1. What is m(g)?
23
Suppose 0 = -0*p + p. Suppose 0*r - 4*r - 2*i - 20 = p, r + 5*i = 13. Let c(s) = s**3 + 7*s**2 - s - 7. What is c(r)?
0
Let w(q) = -q**2 + 6*q - 3. Let z(j) = -2*j**2 + 12*j - 7. Suppose 0 = -2*y + 5*k - 37, -2*y = -0*y - k + 17. Let h(b) = y*z(b) + 13*w(b). Give h(6).
3
Suppose -5*g + 20 = 4*v + v, 2*g = 3*v - 12. Let n(i) = -3*i + g + 5 - 7. Suppose -4*o + 4*w = -4, 3*o = 2*o - 2*w - 8. Give n(o).
4
Suppose -4 + 20 = 2*x. Let y(h) = -x + 2*h + 10 + 0*h. What is y(-4)?
-6
Let h(u) = -3*u + 6 + 5*u + u**3 + u**2 - 6*u**2. What is h(5)?
16
Let w(q) = -q**3 + 7*q**2 - q + 10. Let d be w(7). Suppose 0 = -d*f - 1 - 5. Let a(m) be the second derivative of m**4/12 + m**3/3 + 2*m. Determine a(f).
0
Let d(u) = 0 + 6 + 2*u - 4. Let l(k) = -4*k - 5 + 2*k + 5*k - 2*k. Let o be l(3). Give d(o).
-2
Suppose 5*d + 5*w = 4*w + 18, 12 = 3*d + w. Let j(p) = 8*p - 1 - 6 - d*p + p**2. Suppose 0 = 2*o + 6, 5*y + 4*o = 3*o - 28. Calculate j(y).
-7
Let r(d) = 3*d**2 + 5*d - 6. Let z(q) = 3*q**2 + 6*q - 7. Let t(m) = 5*r(m) - 4*z(m). Give t(2).
12
Let d(w) = 2*w**2 + 2*w**2 + 0 - 5*w**2 - 5*w + 3. Give d(-4).
7
Let h(z) = z**2 - 6*z**2 + 1 + 7*z**2. Determine h(1).
3
Let g(q) = q - 7. Let f be ((64/5)/4)/(10/25). Determine g(f).
1
Let w = 76 + -80. Let n(x) = -x**3 - 3*x**2 + 3*x - 1. Give n(w).
3
Let w be 36/54 + 32/(-3) + 3. Let m(x) = x**2 + 4*x - 5. Calculate m(w).
16
Suppose 3*l + 12 = 0, j - 2*l + l = 4. Let g(y) = y - 2 + j - 2*y. What is g(0)?
-2
Let i(a) = 3*a**3 - 2*a**2 + a. Let j be i(1). Let u(l) = -2*l + 2. Calculate u(j).
-2
Let n(b) = -2*b + 2. Let c = 49 + -45. Calculate n(c).
-6
Let d be (-3)/(-3) - (-1 - 0). Let o(r) = -r**d - 8*r**2 + 3 + 1 - 5. What is o(1)?
-10
Let k(u) = -u**2 + 6*u - 1. Let i = -61 + 67. Give k(i).
-1
Let h(s) = -2*s**2 - 2 + 82*s - 82*s. Give h(-2).
-10
Suppose 8 = -r + 3. Let w(n) be the second derivative of 1/6*n**3 + 3*n**2 + 5/12*n**4 + 0 + 1/20*n**5 - 4*n. Determine w(r).
1
Let g(k) = 7*k**2 + 2*k - 1. Let p(j) = 6*j**2 + j - 1. Let m(q) = 4*g(q) - 5*p(q). Give m(3).
-8
Let t be (1/2)/((-1)/(-12)). Suppose -3*c = h + 4*h + 7, -4*c = 5*h + t. Let o(l) be the second derivative of -l**5/5 - l**4/6 + l**3/6 + 2*l. Give o(c).
-5
Let j(p) = p**2 + 25 - 25 + p. Let g(t) = -t**3 - 5*t**2 - 5*t - 6. Let d be g(-4). Determine j(d).
2
Suppose c = 5*x - 28, -2*x = -x + 2*c + 1. Let p(b) = -b + 3. Determine p(x).
-2
Let r(s) be the second derivative of 1/6*s**4 - 1/2*s**2 + 0*s**3 + 5*s + 0 + 1/20*s**5. Give r(-3).
-10
Let v(m) = -3*m - 4. Let i be 6 + (-1)/(2/4). Suppose 5*b + i*a = 37, -b + 5 = -3*b + 5*a. Suppose b*x - 3*x = -6. Calculate v(x).
5
Let p be 38/(-9) - 4/(-18). Let b = p - -6. Let l(q) = 1 - 9*q**2 + 10*q**b + 6*q + 2. Give l(-5).
-2
Let r(k) be the first derivative of -5*k**2/2 + k + 22. Let q = -2 - -3. Calculate r(q).
-4
Let r = 55 - 61. Let b(s) = 3*s - 4. Determine b(r).
-22
Let m(u) = -u**3 + 2*u**2 - u + 3. Let v = 26 + -16. Let p = v - 2. Suppose -2*x + p = 2. Calculate m(x).
-9
Let m = 4 - 4. Suppose m = z - 2*z + 3. Let y(k) = 2*k + 2. Calculate y(z).
8
Let w = 1 + 3. Let a(d) = 4*d**3 - 2*d - 4*d**3 - 1 + w*d**2 - d**3. Suppose 4*u - 19 - 11 = -5*r, -4*r + 4*u = 12. Calculate a(r).
3
Let p(j) = j**2 + j + 1. Let c(a) = 4*a**2 - a - 2. Let z(t) = c(t) - 5*p(t). Determine z(-6).
-7
Let f(w) = -4*w + 2*w - 2*w - 1 + 5*w. Determine f(4).
3
Let g(c) be the third derivative of -c**5/120 + c**4/3 - 2*c**3/3 - 3*c**2. Let u(a) be the first derivative of g(a). Give u(0).
8
Suppose -19*l - 117 = -6*l. Let o(n) = -n**3 - 10*n**2 - 9*n - 7. Determine o(l).
-7
Suppose -4*q + 5*y = -0*q + 11, 3*y - 7 = 2*q. Let a(t) = 3*t**2 - t. What is a(q)?
2
Let h(m) = -3*m**2 + 38*m - 26. Let l(k) = -2*k**2 + 25*k - 17. Let c(o) = 5*h(o) - 8*l(o). Determine c(8).
-10
Let k = 7 + -6. Let j(m) = 3*m - 8*m + m - 3*m + 1. Calculate j(k).
-6
Let f(a) = 9*a - 9. Let h(p) = -8*p + 9. Let c(l) = 4*f(l) + 3*h(l). Let k(r) = -6*r + 4. Let n(j) = -4*c(j) - 9*k(j). Give n(1).
6
Let b(k) = -4*k - 3. Let j be b(-2). Suppose j*h - h - 4*m = 8, 4*m + 16 = 0. Let u(l) = l**3 - l + 2. Calculate u(h).
-4
Let n be (10/(-4))/((-1)/2). Suppose -n*f = -3 + 13. Let y(x) = -x**3 - 3*x**2 - 3*x - 1. Calculate y(f).
1
Let o be (-3)/4 + ((-22)/(-8) - 3). Let x(w) = -3*w**2 + 2*w + 4. Let z(t) = 5*t**2 - 4*t - 9. Let g be 2/2 + (-2 - -8). Let c(h) = g*x(h) + 3*z(h). Give c(o).
-7
Let g(l) = -4 - 4*l + 0*l**2 - l**2 + 9*l. Calculate g(7).
-18
Let u = 3 + 2. Let l(c) = c - 5. Let v be l(u). Let a(t) = -t + 1. Calculate a(v).
1
Let l(r) = 4*r**2 + 3*r + 1. Let p be (-5)/((-2)/(-1 - -3)). Suppose -i + 0*i - p*d - 2 = 0, 5*d = 2*i + 4. Determine l(i).
11
Let r(d) = -6*d - 11. Let v(z) = -4*z - 7. Let f(y) = 5*r(y) - 8*v(y). Suppose q + 5 = -0*q. Let t(p) = -p**2 - 4*p + 3. Let c be t(q). Calculate f(c).
-3
Let y(k) be the third derivative of -k**5/60 + k**4/24 - 3*k**3/2 - 3*k**2. Let l(z) = -z**2 - 4*z. Let v be l(-4). Calculate y(v).
-9
Let x(h) = -h**2 - 6*h + 1. Let v = -8 + 3. Let d be x(v). Let w(b) = b**3 - 6*b**2 - 8. What is w(d)?
-8
Let s(l) be the second derivative of l**5/20 - 5*l**4/12 - l**3 + 3*l**2 + l - 1. Suppose q + 19 = 2*v + 2, 5*v - 40 = 2*q. Determine s(v).
6
Let y(q) = -q**2 + 2 - 1 - 6*q - q + 8*q. What is y(1)?
1
Let u be (-2)/((-12)/(-2))*(-9)/3. Let v(p) = 10*p**3 - p**2 + 2*p - 1. Give v(u).
10
Suppose 4*g - 44 = -3*r, 2*r + 0*r = 8. Suppose -6 = -l - 2*n + 4, 2*n - g = 0. Let k be l/(-8) + 15/12. Let m(z) = 2*z. What is m(k)?
2
Suppose 0 = -m + 3*t + 1, -5*m + 4*t = -m - 20. Let q = m + -4. Let v(d) = -d**3 + 3*d**2 - d + 3. What is v(q)?
0
Let p(o) = 2*o**2 + 3*o - 4. Let c = -59 + 56. Determine p(c).
5
Let i = -48 - -46. Let u(z) = -5*z - 2. What is u(i)?
8
Let h(b) = 9*b + 6. Let y(i) = -5*i - 3. Let c(r) = 2*h(r) + 5*y(r). Let v(x) = x + 7. Let j be v(-6). Suppose -2*l + j = 5. Give c(l).
11
Let z = 4 - 9. Let u(b) = b**3 + 6*b**2 + 6*b + 7. Give u(z).
2
Let v(x) = -8*x + 4*x + x**2 + 10*x - 2. Give v(-5).
-7
Let z(x) = -x + 2. Suppose 0 = 51*n - 53*n - 10. Give z(n).
7
Let u(m) = -m**3 - 3*m**2 - 3*m - 1. Let h(c) = -2*c**3 - 5*c**2 - 7*c - 2. Let b(v) = 2*h(v) - 5*u(v). Calculate b(-5).
-4
Let b(n) = 4*n**3 - 5*n**2 - 12*n - 12. Suppose 3*y - 2*y + 3*h = -10, -h - 14 = -5*y. Let f(i) = i**3 - i**2 - 3*i - 3. Let p(q) = y*b(q) - 9*f(q). Give p(-2).
1
Let f be 10/5 + 0 + 1. Let d(t) be the first derivative of t**4/24 - 2*t**3/3 - t**2/2 + 1. Let m(q) be the second derivative of d(q). Determine m(f).
-1
Let p(j) = j**2 - 6*j - 7. Let q(c) be the third derivative of 11*c**5/60 - c**4/24 - c**3/6 + 2*c**2. Let n be q(-1). Let b = -5 + n. Calculate p(b).
-7
Let d(i) = i**3 + 5*i**2 - i + 2. Suppose -2*h = -5 + 15. What is d(h)?
7
Let l(d) = d**2 - 4*d**2 + 3*d + 9*d**2 - 4*d**2. Suppose -4*m - 5 = 3*h, h = m + 2 + 1. Determine l(m).
2
Let v(n) =